{"id":9,"date":"2011-06-27T10:45:02","date_gmt":"2011-06-27T10:45:02","guid":{"rendered":"https:\/\/gesamtschule-immenhausen.de\/?page_id=9"},"modified":"2025-02-07T10:46:46","modified_gmt":"2025-02-07T09:46:46","slug":"schulsozialarbeit","status":"publish","type":"page","link":"https:\/\/gesamtschule-immenhausen.de\/?page_id=9","title":{"rendered":"Schulsozialarbeit"},"content":{"rendered":"<h3>Das Angebot der Schulsozialarbeit<\/h3>\n<p>Wir bieten Beratung f\u00fcr Sch\u00fcler\/innen in pers\u00f6nlichen, schulischen und beruflichen Fragen und Unterst\u00fctzung f\u00fcr Eltern und Lehrer\/innen in Schul- und Erziehungsfragen. Die Beratung erfolgt vertraulich und individuell.<\/p>\n<p>Wir f\u00fchren selbst\u00e4ndig und in Zusammenarbeit mit der Schule Gruppenangebote f\u00fcr Klassen oder Arbeitsgruppen durch, z.B. zum Thema Soziales Lernen oder Gewaltpr\u00e4vention.<\/p>\n<p>Wir stehen in regelm\u00e4\u00dfigem Austausch mit der Schulleitung, den Lehrer\/innen und der Sch\u00fcler\/innenvertretung.<\/p>\n<p>Wir f\u00fchren mit der kommunalen und kirchlichen Jugendarbeit gemeinsam Projekte an der Schule und im Freizeitbereich durch.<\/p>\n<p>Wir arbeiten in vielf\u00e4ltigen Netzwerken und Gremien der Beratungslandschaft Nordhessen mit.<\/p>\n<p>Insgesamt ist die Schulsozialarbeit mit 28 Stunden an der Freiherr-vom-Stein Schule vertreten.<\/p>\n<p>Anika Krug (Dipl. Sozialp\u00e4dagogin\/Sozialarbeiterin)<\/p>\n<p>Alica Kloemich (Dipl. Sozialp\u00e4dagogin\/Sozialarbeiterin)<\/p>\n<p><a href=\"https:\/\/gesamtschule-immenhausen.de\/wp-content\/uploads\/schulsozialarbeit-2.jpg\"><img loading=\"lazy\" decoding=\"async\" class=\"aligncenter size-large wp-image-25920\" src=\"https:\/\/gesamtschule-immenhausen.de\/wp-content\/uploads\/schulsozialarbeit-2-1024x762.jpg\" alt=\"\" width=\"1024\" height=\"762\" srcset=\"https:\/\/gesamtschule-immenhausen.de\/wp-content\/uploads\/schulsozialarbeit-2-1024x762.jpg 1024w, https:\/\/gesamtschule-immenhausen.de\/wp-content\/uploads\/schulsozialarbeit-2-150x112.jpg 150w, https:\/\/gesamtschule-immenhausen.de\/wp-content\/uploads\/schulsozialarbeit-2-768x572.jpg 768w, https:\/\/gesamtschule-immenhausen.de\/wp-content\/uploads\/schulsozialarbeit-2-400x298.jpg 400w, https:\/\/gesamtschule-immenhausen.de\/wp-content\/uploads\/schulsozialarbeit-2.jpg 1178w\" sizes=\"(max-width: 1024px) 100vw, 1024px\" \/><\/a><\/p>\n<p><strong>Unsere Arbeit beschreibt auch die folgende \u00dcbersicht: <a href=\"https:\/\/gesamtschule-immenhausen.de\/wp-content\/uploads\/SIS-Pr\u00e4sentation+2.pdf\">Pr\u00e4sentation Schulsozialarbeit Immenhausen<\/a><\/strong><\/p>\n<p><b>Wir m\u00f6chten Sie einladen die Schulsozialarbeit zu nutzen!<\/b><\/p>\n<p>Unsere Kontaktdaten:<\/p>\n<p>Anika Krug<\/p>\n<p>Alica Kloemich<\/p>\n<p>Freiherr-vom-Stein-Schule<\/p>\n<p>Kampweg 24 | 34376 Immenhausen<\/p>\n<p>Telefon: 05673-9981-37<\/p>\n<p>E-Mail:<br \/>\n<a href=\"mailto:anika-krug@landkreiskassel.de\">anika-krug@landkreiskassel.de<\/a><\/p>\n<p><a href=\"mailto:alica-kloemich@landkreiskassel.de\">alica-kloemich@landkreiskassel.de<\/a><\/p>\n<p>Raum: Geb\u00e4ude D |\u00a0In den Ferien ist das B\u00fcro nicht besetzt.<\/p>\n<p><strong>Leitbild der Sozialarbeit in Schule (SiS) im Landkreis Kassel<\/strong><\/p>\n<p>Sozialarbeit in Schule ist ein verl\u00e4sslicher, professioneller Partner f\u00fcr Kinder und Jugendliche, Eltern und Lehrer\/innen. Wir verstehen uns als Teil der Jugendhilfe. Als eigenst\u00e4ndiger Fachdienst an unseren Schulen sind wir Bindeglied zwischen verschiedensten Akteuren, Institutionen und Gremien. Unseren gesetzlich begr\u00fcndeten Auftrag erbringen wir in enger Zusammenarbeit mit kommunalen, gemeinn\u00fctzigen und kirchlichen Einrichtungen und beziehen so das Lern- und Lebensumfeld der Kinder und Jugendlichen mit ein.<\/p>\n<p>Zu unseren vielf\u00e4ltigen Aufgaben geh\u00f6ren pr\u00e4ventiv ausgerichtete sozialp\u00e4dagogische Bildungsangebote. Damit f\u00f6rdern wir Kinder und Jugendliche im Klassenverband und anderen Gruppen entsprechend ihrer individuellen St\u00e4rken und unterst\u00fctzen sie bei der Erweiterung ihrer sozialen Kompetenzen. Ein weiterer Bestandteil unserer Arbeit ist die l\u00f6sungs- und ressourcenorientierte Beratung und Begleitung von Kindern und Jugendlichen, Eltern und Lehrer\/innen mit dem Ziel, in Krisen zu intervenieren, Hilfestellung zu geben und Perspektiven zu er\u00f6ffnen. Zielgerichtet binden wir bei Bedarf Fachdienste ein oder vermitteln an diese weiter.<\/p>\n<p>Mittels inner- und au\u00dferschulischer Vernetzung leisten wir einen wertvollen Beitrag zur Verbesserung des Lern- und Lebensumfeldes der Kinder und Jugendlichen. Mit diesen im Schulprogramm verankerten Angeboten, begleiten wir professionell Kinder und Jugendliche in ihrer Entwicklung, st\u00e4rken Eltern in ihrer Erziehungskompetenz und unterst\u00fctzen Lehrer\/innen in ihrer p\u00e4dagogischen Arbeit.<\/p>\n<p>Unsere Leistungen erbringen wir auf Basis professioneller Standards. Durch regelm\u00e4\u00dfige Evaluation und Fortbildung sichern wir die Qualit\u00e4t unserer Arbeit, entwickeln diese weiter und schaffen durch Dokumentation Transparenz.<\/p>\n<p>Grundlage unseres Handelns ist ein respektvoller Umgang mit allen Beteiligten. Wir b\u00fcndeln Ressourcen, nutzen die vielf\u00e4ltigen Kompetenzen im Team der Schulsozialarbeiter\/innen im Landkreis Kassel und arbeiten so an einer wertsch\u00e4tzenden Schulkultur.<\/p>\n<p><em><strong>Allgemeine Informationen finden Sie hier zum Download: <a href=\"https:\/\/gesamtschule-immenhausen.de\/?attachment_id=20442\" rel=\"attachment wp-att-20442\">Flyer Sozialarbeit in Schule<\/a><\/strong><\/em><\/p>\n","protected":false},"excerpt":{"rendered":"<p>Das Angebot der Schulsozialarbeit Wir bieten Beratung f\u00fcr Sch\u00fcler\/innen in pers\u00f6nlichen, schulischen und beruflichen Fragen und Unterst\u00fctzung f\u00fcr Eltern und Lehrer\/innen in Schul- und Erziehungsfragen. Die Beratung erfolgt vertraulich und individuell. Wir f\u00fchren selbst\u00e4ndig und in Zusammenarbeit mit der Schule Gruppenangebote f\u00fcr Klassen oder Arbeitsgruppen durch, z.B. zum Thema Soziales Lernen oder Gewaltpr\u00e4vention. Wir stehen [&hellip;]<\/p>\n","protected":false},"author":9,"featured_media":25920,"parent":2,"menu_order":3,"comment_status":"closed","ping_status":"closed","template":"","meta":{"saved_in_kubio":false,"footnotes":""},"class_list":["post-9","page","type-page","status-publish","has-post-thumbnail","hentry"],"kubio_ai_page_context":{"short_desc":"","purpose":"general"},"_links":{"self":[{"href":"https:\/\/gesamtschule-immenhausen.de\/index.php?rest_route=\/wp\/v2\/pages\/9","targetHints":{"allow":["GET"]}}],"collection":[{"href":"https:\/\/gesamtschule-immenhausen.de\/index.php?rest_route=\/wp\/v2\/pages"}],"about":[{"href":"https:\/\/gesamtschule-immenhausen.de\/index.php?rest_route=\/wp\/v2\/types\/page"}],"author":[{"embeddable":true,"href":"https:\/\/gesamtschule-immenhausen.de\/index.php?rest_route=\/wp\/v2\/users\/9"}],"replies":[{"embeddable":true,"href":"https:\/\/gesamtschule-immenhausen.de\/index.php?rest_route=%2Fwp%2Fv2%2Fcomments&post=9"}],"version-history":[{"count":18,"href":"https:\/\/gesamtschule-immenhausen.de\/index.php?rest_route=\/wp\/v2\/pages\/9\/revisions"}],"predecessor-version":[{"id":34876,"href":"https:\/\/gesamtschule-immenhausen.de\/index.php?rest_route=\/wp\/v2\/pages\/9\/revisions\/34876"}],"up":[{"embeddable":true,"href":"https:\/\/gesamtschule-immenhausen.de\/index.php?rest_route=\/wp\/v2\/pages\/2"}],"wp:featuredmedia":[{"embeddable":true,"href":"https:\/\/gesamtschule-immenhausen.de\/index.php?rest_route=\/wp\/v2\/media\/25920"}],"wp:attachment":[{"href":"https:\/\/gesamtschule-immenhausen.de\/index.php?rest_route=%2Fwp%2Fv2%2Fmedia&parent=9"}],"curies":[{"name":"wp","href":"https:\/\/api.w.org\/{rel}","templated":true}]}}

<h3>Das Angebot der Schulsozialarbeit</h3>
<p>Wir bieten Beratung für Schüler/innen in persönlichen, schulischen und beruflichen Fragen und Unterstützung für Eltern und Lehrer/innen in Schul- und Erziehungsfragen. Die Beratung erfolgt vertraulich und individuell.</p>
<p>Wir führen selbständig und in Zusammenarbeit mit der Schule Gruppenangebote für Klassen oder Arbeitsgruppen durch, z.B. zum Thema Soziales Lernen oder Gewaltprävention.</p>
<p>Wir stehen in regelmäßigem Austausch mit der Schulleitung, den Lehrer/innen und der Schüler/innenvertretung.</p>
<p>Wir führen mit der kommunalen und kirchlichen Jugendarbeit gemeinsam Projekte an der Schule und im Freizeitbereich durch.</p>
<p>Wir arbeiten in vielfältigen Netzwerken und Gremien der Beratungslandschaft Nordhessen mit.</p>
<p>Insgesamt ist die Schulsozialarbeit mit 28 Stunden an der Freiherr-vom-Stein Schule vertreten.</p>
<p>Anika Krug (Dipl. Sozialpädagogin/Sozialarbeiterin)</p>
<p>Alica Kloemich (Dipl. Sozialpädagogin/Sozialarbeiterin)</p>
<p><a href="https://gesamtschule-immenhausen.de/wp-content/uploads/schulsozialarbeit-2.jpg"><img loading="lazy" decoding="async" class="aligncenter size-large wp-image-25920" src="https://gesamtschule-immenhausen.de/wp-content/uploads/schulsozialarbeit-2-1024x762.jpg" alt="" width="1024" height="762" srcset="https://gesamtschule-immenhausen.de/wp-content/uploads/schulsozialarbeit-2-1024x762.jpg 1024w, https://gesamtschule-immenhausen.de/wp-content/uploads/schulsozialarbeit-2-150x112.jpg 150w, https://gesamtschule-immenhausen.de/wp-content/uploads/schulsozialarbeit-2-768x572.jpg 768w, https://gesamtschule-immenhausen.de/wp-content/uploads/schulsozialarbeit-2-400x298.jpg 400w, https://gesamtschule-immenhausen.de/wp-content/uploads/schulsozialarbeit-2.jpg 1178w" sizes="(max-width: 1024px) 100vw, 1024px" /></a></p>
<p><strong>Unsere Arbeit beschreibt auch die folgende Übersicht: <a href="https://gesamtschule-immenhausen.de/wp-content/uploads/SIS-Präsentation+2.pdf">Präsentation Schulsozialarbeit Immenhausen</a></strong></p>
<p><b>Wir möchten Sie einladen die Schulsozialarbeit zu nutzen!</b></p>
<p>Unsere Kontaktdaten:</p>
<p>Anika Krug</p>
<p>Alica Kloemich</p>
<p>Freiherr-vom-Stein-Schule</p>
<p>Kampweg 24 | 34376 Immenhausen</p>
<p>Telefon: 05673-9981-37</p>
<p>E-Mail:<br />
<a href="mailto:anika-krug@landkreiskassel.de">anika-krug@landkreiskassel.de</a></p>
<p><a href="mailto:alica-kloemich@landkreiskassel.de">alica-kloemich@landkreiskassel.de</a></p>
<p>Raum: Gebäude D | In den Ferien ist das Büro nicht besetzt.</p>
<p><strong>Leitbild der Sozialarbeit in Schule (SiS) im Landkreis Kassel</strong></p>
<p>Sozialarbeit in Schule ist ein verlässlicher, professioneller Partner für Kinder und Jugendliche, Eltern und Lehrer/innen. Wir verstehen uns als Teil der Jugendhilfe. Als eigenständiger Fachdienst an unseren Schulen sind wir Bindeglied zwischen verschiedensten Akteuren, Institutionen und Gremien. Unseren gesetzlich begründeten Auftrag erbringen wir in enger Zusammenarbeit mit kommunalen, gemeinnützigen und kirchlichen Einrichtungen und beziehen so das Lern- und Lebensumfeld der Kinder und Jugendlichen mit ein.</p>
<p>Zu unseren vielfältigen Aufgaben gehören präventiv ausgerichtete sozialpädagogische Bildungsangebote. Damit fördern wir Kinder und Jugendliche im Klassenverband und anderen Gruppen entsprechend ihrer individuellen Stärken und unterstützen sie bei der Erweiterung ihrer sozialen Kompetenzen. Ein weiterer Bestandteil unserer Arbeit ist die lösungs- und ressourcenorientierte Beratung und Begleitung von Kindern und Jugendlichen, Eltern und Lehrer/innen mit dem Ziel, in Krisen zu intervenieren, Hilfestellung zu geben und Perspektiven zu eröffnen. Zielgerichtet binden wir bei Bedarf Fachdienste ein oder vermitteln an diese weiter.</p>
<p>Mittels inner- und außerschulischer Vernetzung leisten wir einen wertvollen Beitrag zur Verbesserung des Lern- und Lebensumfeldes der Kinder und Jugendlichen. Mit diesen im Schulprogramm verankerten Angeboten, begleiten wir professionell Kinder und Jugendliche in ihrer Entwicklung, stärken Eltern in ihrer Erziehungskompetenz und unterstützen Lehrer/innen in ihrer pädagogischen Arbeit.</p>
<p>Unsere Leistungen erbringen wir auf Basis professioneller Standards. Durch regelmäßige Evaluation und Fortbildung sichern wir die Qualität unserer Arbeit, entwickeln diese weiter und schaffen durch Dokumentation Transparenz.</p>
<p>Grundlage unseres Handelns ist ein respektvoller Umgang mit allen Beteiligten. Wir bündeln Ressourcen, nutzen die vielfältigen Kompetenzen im Team der Schulsozialarbeiter/innen im Landkreis Kassel und arbeiten so an einer wertschätzenden Schulkultur.</p>
<p><em><strong>Allgemeine Informationen finden Sie hier zum Download: <a href="https://gesamtschule-immenhausen.de/?attachment_id=20442" rel="attachment wp-att-20442">Flyer Sozialarbeit in Schule</a></strong></em></p>

<p>Das Angebot der Schulsozialarbeit Wir bieten Beratung für Schüler/innen in persönlichen, schulischen und beruflichen Fragen und Unterstützung für Eltern und Lehrer/innen in Schul- und Erziehungsfragen. Die Beratung erfolgt vertraulich und individuell. Wir führen selbständig und in Zusammenarbeit mit der Schule Gruppenangebote für Klassen oder Arbeitsgruppen durch, z.B. zum Thema Soziales Lernen oder Gewaltprävention. Wir stehen [&hellip;]</p>
