{"id":6136,"date":"2011-10-27T11:56:33","date_gmt":"2011-10-27T09:56:33","guid":{"rendered":"https:\/\/gesamtschule-immenhausen.de\/?page_id=6136"},"modified":"2025-05-23T12:04:04","modified_gmt":"2025-05-23T10:04:04","slug":"delf-zertifikat","status":"publish","type":"page","link":"https:\/\/gesamtschule-immenhausen.de\/?page_id=6136","title":{"rendered":"DELF-Zertifikat"},"content":{"rendered":"<p class=\"Textbody\">Die Freiherr-vom-Stein-Schule Immenhausen bietet besonders motivierten Franz\u00f6sisch lernenden Sch\u00fclerinnen und Sch\u00fclern die M\u00f6glichkeit an, ein DELF-Zertifikat zu erwerben.<\/p>\n<p class=\"Textbody\">Das DELF ist ein international anerkanntes Zertifikat f\u00fcr Franz\u00f6sisch als Fremdsprache. Es bescheinigt vier der sechs Kompetenzniveaus des Gemeinsamen Europ\u00e4ischen Referenzrahmens f\u00fcr Sprachen (GER). Die Zertifikate werden vom franz\u00f6sischen Ministerium f\u00fcr Bildung, Hochschulen und Forschung ausgestellt.<\/p>\n<p class=\"Textbody\">Das<span class=\"StrongEmphasis\"> DELF<\/span> (dipl\u00f4me d\u2019\u00e9tudes en langue fran\u00e7aise) umfasst die Stufen A1 bis B2 des GER. Die 4<span class=\"StrongEmphasis\"> Zertifikatsstufen<\/span> des DELF k\u00f6nnen vollkommen unabh\u00e4ngig voneinander abgelegt werden. Einmal bestanden, ist das Sprachzertifikat unbegrenzt g\u00fcltig und attestiert die Beherrschung der vier Sprachkompetenzen H\u00f6rverstehen, Leseverstehen, schriftlicher und m\u00fcndlicher Ausdruck.<\/p>\n<p class=\"Textbody\">Die schriftliche Pr\u00fcfung findet an der Freiherr-vom-Stein-Schule statt, f\u00fcr die m\u00fcndliche Pr\u00fcfung fahren wir zum Institut Fran\u00e7ais nach Mainz.<\/p>\n<p class=\"Textbody\">Das Hessische Kultusministerium zahlt f\u00fcr die Sch\u00fclerinnen und Sch\u00fcler einen Zuschuss zu den Pr\u00fcfungen. Die Pr\u00fcfungsgeb\u00fchren betragen somit f\u00fcr hessische Sch\u00fcler, je nach Niveaustufe, zwischen 22 und 60 Euro.<\/p>\n<p class=\"Textbody\">Zur besseren Pr\u00fcfungsvorbereitung bieten wir im Rahmen des Nachmittagsunterrichts einen <b>Vorbereitungskurs<\/b> an. Dieser Kurs findet jeweils im ersten Schulhalbjahr statt und endet mit der Pr\u00fcfung. Die Teilnahme am Vorbereitungskurs ist freiwillig.<\/p>\n<p><iframe loading=\"lazy\" title=\"DELF: nur zu!\" width=\"500\" height=\"281\" src=\"https:\/\/www.youtube.com\/embed\/S2jg1twk5VA?feature=oembed\" frameborder=\"0\" allow=\"accelerometer; autoplay; clipboard-write; encrypted-media; gyroscope; picture-in-picture; web-share\" referrerpolicy=\"strict-origin-when-cross-origin\" allowfullscreen><\/iframe><\/p>\n","protected":false},"excerpt":{"rendered":"<p>Die Freiherr-vom-Stein-Schule Immenhausen bietet besonders motivierten Franz\u00f6sisch lernenden Sch\u00fclerinnen und Sch\u00fclern die M\u00f6glichkeit an, ein DELF-Zertifikat zu erwerben. Das DELF ist ein international anerkanntes Zertifikat f\u00fcr Franz\u00f6sisch als Fremdsprache. Es bescheinigt vier der sechs Kompetenzniveaus des Gemeinsamen Europ\u00e4ischen Referenzrahmens f\u00fcr Sprachen (GER). Die Zertifikate werden vom franz\u00f6sischen Ministerium f\u00fcr Bildung, Hochschulen und Forschung ausgestellt. Das [&hellip;]<\/p>\n","protected":false},"author":3,"featured_media":0,"parent":178,"menu_order":0,"comment_status":"open","ping_status":"closed","template":"","meta":{"saved_in_kubio":false,"footnotes":""},"class_list":["post-6136","page","type-page","status-publish","hentry"],"kubio_ai_page_context":{"short_desc":"","purpose":"general"},"_links":{"self":[{"href":"https:\/\/gesamtschule-immenhausen.de\/index.php?rest_route=\/wp\/v2\/pages\/6136","targetHints":{"allow":["GET"]}}],"collection":[{"href":"https:\/\/gesamtschule-immenhausen.de\/index.php?rest_route=\/wp\/v2\/pages"}],"about":[{"href":"https:\/\/gesamtschule-immenhausen.de\/index.php?rest_route=\/wp\/v2\/types\/page"}],"author":[{"embeddable":true,"href":"https:\/\/gesamtschule-immenhausen.de\/index.php?rest_route=\/wp\/v2\/users\/3"}],"replies":[{"embeddable":true,"href":"https:\/\/gesamtschule-immenhausen.de\/index.php?rest_route=%2Fwp%2Fv2%2Fcomments&post=6136"}],"version-history":[{"count":10,"href":"https:\/\/gesamtschule-immenhausen.de\/index.php?rest_route=\/wp\/v2\/pages\/6136\/revisions"}],"predecessor-version":[{"id":35325,"href":"https:\/\/gesamtschule-immenhausen.de\/index.php?rest_route=\/wp\/v2\/pages\/6136\/revisions\/35325"}],"up":[{"embeddable":true,"href":"https:\/\/gesamtschule-immenhausen.de\/index.php?rest_route=\/wp\/v2\/pages\/178"}],"wp:attachment":[{"href":"https:\/\/gesamtschule-immenhausen.de\/index.php?rest_route=%2Fwp%2Fv2%2Fmedia&parent=6136"}],"curies":[{"name":"wp","href":"https:\/\/api.w.org\/{rel}","templated":true}]}}

<p class="Textbody">Die Freiherr-vom-Stein-Schule Immenhausen bietet besonders motivierten Französisch lernenden Schülerinnen und Schülern die Möglichkeit an, ein DELF-Zertifikat zu erwerben.</p>
<p class="Textbody">Das DELF ist ein international anerkanntes Zertifikat für Französisch als Fremdsprache. Es bescheinigt vier der sechs Kompetenzniveaus des Gemeinsamen Europäischen Referenzrahmens für Sprachen (GER). Die Zertifikate werden vom französischen Ministerium für Bildung, Hochschulen und Forschung ausgestellt.</p>
<p class="Textbody">Das<span class="StrongEmphasis"> DELF</span> (diplôme d’études en langue française) umfasst die Stufen A1 bis B2 des GER. Die 4<span class="StrongEmphasis"> Zertifikatsstufen</span> des DELF können vollkommen unabhängig voneinander abgelegt werden. Einmal bestanden, ist das Sprachzertifikat unbegrenzt gültig und attestiert die Beherrschung der vier Sprachkompetenzen Hörverstehen, Leseverstehen, schriftlicher und mündlicher Ausdruck.</p>
<p class="Textbody">Die schriftliche Prüfung findet an der Freiherr-vom-Stein-Schule statt, für die mündliche Prüfung fahren wir zum Institut Français nach Mainz.</p>
<p class="Textbody">Das Hessische Kultusministerium zahlt für die Schülerinnen und Schüler einen Zuschuss zu den Prüfungen. Die Prüfungsgebühren betragen somit für hessische Schüler, je nach Niveaustufe, zwischen 22 und 60 Euro.</p>
<p class="Textbody">Zur besseren Prüfungsvorbereitung bieten wir im Rahmen des Nachmittagsunterrichts einen <b>Vorbereitungskurs</b> an. Dieser Kurs findet jeweils im ersten Schulhalbjahr statt und endet mit der Prüfung. Die Teilnahme am Vorbereitungskurs ist freiwillig.</p>
<p><iframe loading="lazy" title="DELF: nur zu!" width="500" height="281" src="https://www.youtube.com/embed/S2jg1twk5VA?feature=oembed" frameborder="0" allow="accelerometer; autoplay; clipboard-write; encrypted-media; gyroscope; picture-in-picture; web-share" referrerpolicy="strict-origin-when-cross-origin" allowfullscreen></iframe></p>

<p>Die Freiherr-vom-Stein-Schule Immenhausen bietet besonders motivierten Französisch lernenden Schülerinnen und Schülern die Möglichkeit an, ein DELF-Zertifikat zu erwerben. Das DELF ist ein international anerkanntes Zertifikat für Französisch als Fremdsprache. Es bescheinigt vier der sechs Kompetenzniveaus des Gemeinsamen Europäischen Referenzrahmens für Sprachen (GER). Die Zertifikate werden vom französischen Ministerium für Bildung, Hochschulen und Forschung ausgestellt. Das [&hellip;]</p>
