{"id":207,"date":"2011-06-30T08:25:24","date_gmt":"2011-06-30T08:25:24","guid":{"rendered":"https:\/\/gesamtschule-immenhausen.de\/?page_id=207"},"modified":"2025-05-28T14:39:09","modified_gmt":"2025-05-28T12:39:09","slug":"gemeinsam-mit-grundschulen","status":"publish","type":"page","link":"https:\/\/gesamtschule-immenhausen.de\/?page_id=207","title":{"rendered":"\u00dcbergang von der Grundschule"},"content":{"rendered":"<div id=\"idTextPanel\">\n<p>Die Sch\u00fclerinnen und Sch\u00fcler unserer neuen f\u00fcnften Klassen kommen in der Regel aus den Grundschulen Immenhausen, Espenau und Reinhardshagen. Das Umfeld der jeweiligen Grundschule, die dortigen R\u00e4umlichkeiten und Organisationsformen und die Lehrerinnen und Lehrer waren ihnen vertraut und gaben Sicherheit.<\/p>\n<p>Wir stehen vor der Aufgabe, den \u00dcbergang zu erleichtern und unsere neuen Sch\u00fclerinnen und Sch\u00fcler mit all dem Neuen vertraut zu machen, eine Lernatmosph\u00e4re zu schaffen, die Geborgenheit gibt und eine gute Grundlage f\u00fcr Lernen und Leistung bietet. Durch ein B\u00fcndel aufeinander abgestimmter Ma\u00dfnahmen erleichtern wir unseren zuk\u00fcnftigen Sch\u00fclerinnen und Sch\u00fclern den Wechsel in eine neue, gr\u00f6\u00dfere Schule. Lange vor dem Wechsel von der Grundschule in die Freiherr-vom-Stein-Schule haben Eltern und Kinder die M\u00f6glichkeit, an unseren Informationsveranstaltungen \u00fcber Gestaltung und Schwerpunkte der p\u00e4dagogischen Arbeit in den jeweiligen Schulzweigen teilzunehmen und dar\u00fcber hinaus ihre zuk\u00fcnftige Schule zu besichtigen.<\/p>\n<p>St\u00e4ndiger Kontakt und Erfahrungsaustausch mit den Grundschulen im Rahmen der Schulverbundsarbeit und gemeinsamer Fachkonferenzen, Informationsabende in den Grundschulorten, ein Tag der Information in der Freiherr-vom-Stein-Schule und der Hospitationsbesuch der vierten Klassen gegen Ende des ersten Schulhalbjahres tragen zu einem sanften \u00dcbergang bei und verbinden die Grundschulen mit der Freiherr-vom-Stein-Schule.<\/p>\n<p>Noch vor den Sommerferien werden mit den Grundschulen die neuen Klasseneinteilungen abgesprochen. Die Zusammenstellung der Klassen erfolgt auf Grund von Freundschaftsgruppen, die die Grundschullehrerinnen und -lehrer an die Zweigleiterinnen der Freiherr-vom-Stein-Schule geben. Das bedeutet, dass unsere Sch\u00fclerinnen und Sch\u00fcler mit ihren engsten Freundinnen\/Freunden und einer Reihe neuer Mitsch\u00fclerinnen und Mitsch\u00fcler eine neue Klasse bilden.<\/p>\n<p>Am ersten Schultag eines Schuljahres begr\u00fc\u00dfen wir unsere neuen Sch\u00fclerinnen und Sch\u00fcler in einem von \u00e4lteren Sch\u00fclerinnen und Sch\u00fclern mitgestalteten Gottesdienst in der Stadtkirche Immenhausen und einer im Anschluss daran stattfindenden kleinen Einschulungsfeier in der Schule. Danach wird der Schultag bis zur 5. Stunde von den Klassenlehrerinnen und -lehrern gestaltet.<\/p>\n<p>In den n\u00e4chsten Tagen der ersten Schulwoche ist noch kein Fachunterricht. In Form von Projekttagen lernen unsere neuen Sch\u00fclerinnen und Sch\u00fcler, begleitet durch die Klassenlehrerinnen und Klassenlehrer, die neue Lernumgebung kennen, finden ihren Platz in der Gruppe und entwickeln Regeln zum Umgang miteinander und \u00fcben diese ein. Mit einer von unseren Schulsozialarbeiterinnen erarbeiteten Schulrallye erkunden sie u.a. das Schulgel\u00e4nde genauer. Die ersten Stationsarbeiten in dieser Woche weisen auch schon auf methodische Verfahrensweisen hin, von der Gestaltung des Arbeitsplatzes bis hin zur Mappenf\u00fchrung.<\/p>\n<\/div>\n<p>\u00a0<\/p>\n\n\n<figure class=\"wp-block-image\"><img loading=\"lazy\" decoding=\"async\" width=\"998\" height=\"665\" src=\"https:\/\/gesamtschule-immenhausen.de\/wp-content\/uploads\/Immenhausen_2018-11-24_D5_3573.jpg\" alt=\"\" class=\"wp-image-29077\" srcset=\"https:\/\/gesamtschule-immenhausen.de\/wp-content\/uploads\/Immenhausen_2018-11-24_D5_3573.jpg 998w, https:\/\/gesamtschule-immenhausen.de\/wp-content\/uploads\/Immenhausen_2018-11-24_D5_3573-150x100.jpg 150w, https:\/\/gesamtschule-immenhausen.de\/wp-content\/uploads\/Immenhausen_2018-11-24_D5_3573-768x512.jpg 768w, https:\/\/gesamtschule-immenhausen.de\/wp-content\/uploads\/Immenhausen_2018-11-24_D5_3573-400x267.jpg 400w\" sizes=\"(max-width: 998px) 100vw, 998px\" \/><\/figure>\n","protected":false},"excerpt":{"rendered":"<p>Die Sch\u00fclerinnen und Sch\u00fcler unserer neuen f\u00fcnften Klassen kommen in der Regel aus den Grundschulen Immenhausen, Espenau und Reinhardshagen. Das Umfeld der jeweiligen Grundschule, die dortigen R\u00e4umlichkeiten und Organisationsformen und die Lehrerinnen und Lehrer waren ihnen vertraut und gaben Sicherheit. Wir stehen vor der Aufgabe, den \u00dcbergang zu erleichtern und unsere neuen Sch\u00fclerinnen und Sch\u00fcler [&hellip;]<\/p>\n","protected":false},"author":9,"featured_media":0,"parent":178,"menu_order":12,"comment_status":"open","ping_status":"closed","template":"","meta":{"saved_in_kubio":false,"footnotes":""},"class_list":["post-207","page","type-page","status-publish","hentry"],"kubio_ai_page_context":{"short_desc":"","purpose":"general"},"_links":{"self":[{"href":"https:\/\/gesamtschule-immenhausen.de\/index.php?rest_route=\/wp\/v2\/pages\/207","targetHints":{"allow":["GET"]}}],"collection":[{"href":"https:\/\/gesamtschule-immenhausen.de\/index.php?rest_route=\/wp\/v2\/pages"}],"about":[{"href":"https:\/\/gesamtschule-immenhausen.de\/index.php?rest_route=\/wp\/v2\/types\/page"}],"author":[{"embeddable":true,"href":"https:\/\/gesamtschule-immenhausen.de\/index.php?rest_route=\/wp\/v2\/users\/9"}],"replies":[{"embeddable":true,"href":"https:\/\/gesamtschule-immenhausen.de\/index.php?rest_route=%2Fwp%2Fv2%2Fcomments&post=207"}],"version-history":[{"count":5,"href":"https:\/\/gesamtschule-immenhausen.de\/index.php?rest_route=\/wp\/v2\/pages\/207\/revisions"}],"predecessor-version":[{"id":35368,"href":"https:\/\/gesamtschule-immenhausen.de\/index.php?rest_route=\/wp\/v2\/pages\/207\/revisions\/35368"}],"up":[{"embeddable":true,"href":"https:\/\/gesamtschule-immenhausen.de\/index.php?rest_route=\/wp\/v2\/pages\/178"}],"wp:attachment":[{"href":"https:\/\/gesamtschule-immenhausen.de\/index.php?rest_route=%2Fwp%2Fv2%2Fmedia&parent=207"}],"curies":[{"name":"wp","href":"https:\/\/api.w.org\/{rel}","templated":true}]}}

Übergang von der Grundschule

<div id="idTextPanel">
<p>Die Schülerinnen und Schüler unserer neuen fünften Klassen kommen in der Regel aus den Grundschulen Immenhausen, Espenau und Reinhardshagen. Das Umfeld der jeweiligen Grundschule, die dortigen Räumlichkeiten und Organisationsformen und die Lehrerinnen und Lehrer waren ihnen vertraut und gaben Sicherheit.</p>
<p>Wir stehen vor der Aufgabe, den Übergang zu erleichtern und unsere neuen Schülerinnen und Schüler mit all dem Neuen vertraut zu machen, eine Lernatmosphäre zu schaffen, die Geborgenheit gibt und eine gute Grundlage für Lernen und Leistung bietet. Durch ein Bündel aufeinander abgestimmter Maßnahmen erleichtern wir unseren zukünftigen Schülerinnen und Schülern den Wechsel in eine neue, größere Schule. Lange vor dem Wechsel von der Grundschule in die Freiherr-vom-Stein-Schule haben Eltern und Kinder die Möglichkeit, an unseren Informationsveranstaltungen über Gestaltung und Schwerpunkte der pädagogischen Arbeit in den jeweiligen Schulzweigen teilzunehmen und darüber hinaus ihre zukünftige Schule zu besichtigen.</p>
<p>Ständiger Kontakt und Erfahrungsaustausch mit den Grundschulen im Rahmen der Schulverbundsarbeit und gemeinsamer Fachkonferenzen, Informationsabende in den Grundschulorten, ein Tag der Information in der Freiherr-vom-Stein-Schule und der Hospitationsbesuch der vierten Klassen gegen Ende des ersten Schulhalbjahres tragen zu einem sanften Übergang bei und verbinden die Grundschulen mit der Freiherr-vom-Stein-Schule.</p>
<p>Noch vor den Sommerferien werden mit den Grundschulen die neuen Klasseneinteilungen abgesprochen. Die Zusammenstellung der Klassen erfolgt auf Grund von Freundschaftsgruppen, die die Grundschullehrerinnen und -lehrer an die Zweigleiterinnen der Freiherr-vom-Stein-Schule geben. Das bedeutet, dass unsere Schülerinnen und Schüler mit ihren engsten Freundinnen/Freunden und einer Reihe neuer Mitschülerinnen und Mitschüler eine neue Klasse bilden.</p>
<p>Am ersten Schultag eines Schuljahres begrüßen wir unsere neuen Schülerinnen und Schüler in einem von älteren Schülerinnen und Schülern mitgestalteten Gottesdienst in der Stadtkirche Immenhausen und einer im Anschluss daran stattfindenden kleinen Einschulungsfeier in der Schule. Danach wird der Schultag bis zur 5. Stunde von den Klassenlehrerinnen und -lehrern gestaltet.</p>
<p>In den nächsten Tagen der ersten Schulwoche ist noch kein Fachunterricht. In Form von Projekttagen lernen unsere neuen Schülerinnen und Schüler, begleitet durch die Klassenlehrerinnen und Klassenlehrer, die neue Lernumgebung kennen, finden ihren Platz in der Gruppe und entwickeln Regeln zum Umgang miteinander und üben diese ein. Mit einer von unseren Schulsozialarbeiterinnen erarbeiteten Schulrallye erkunden sie u.a. das Schulgelände genauer. Die ersten Stationsarbeiten in dieser Woche weisen auch schon auf methodische Verfahrensweisen hin, von der Gestaltung des Arbeitsplatzes bis hin zur Mappenführung.</p>
</div>
<p> </p>


<figure class="wp-block-image"><img loading="lazy" decoding="async" width="998" height="665" src="https://gesamtschule-immenhausen.de/wp-content/uploads/Immenhausen_2018-11-24_D5_3573.jpg" alt="" class="wp-image-29077" srcset="https://gesamtschule-immenhausen.de/wp-content/uploads/Immenhausen_2018-11-24_D5_3573.jpg 998w, https://gesamtschule-immenhausen.de/wp-content/uploads/Immenhausen_2018-11-24_D5_3573-150x100.jpg 150w, https://gesamtschule-immenhausen.de/wp-content/uploads/Immenhausen_2018-11-24_D5_3573-768x512.jpg 768w, https://gesamtschule-immenhausen.de/wp-content/uploads/Immenhausen_2018-11-24_D5_3573-400x267.jpg 400w" sizes="(max-width: 998px) 100vw, 998px" /></figure>

<p>Die Schülerinnen und Schüler unserer neuen fünften Klassen kommen in der Regel aus den Grundschulen Immenhausen, Espenau und Reinhardshagen. Das Umfeld der jeweiligen Grundschule, die dortigen Räumlichkeiten und Organisationsformen und die Lehrerinnen und Lehrer waren ihnen vertraut und gaben Sicherheit. Wir stehen vor der Aufgabe, den Übergang zu erleichtern und unsere neuen Schülerinnen und Schüler [&hellip;]</p>
