{"id":16799,"date":"2014-01-29T13:05:54","date_gmt":"2014-01-29T12:05:54","guid":{"rendered":"https:\/\/gesamtschule-immenhausen.de\/?page_id=16799"},"modified":"2021-01-28T21:52:51","modified_gmt":"2021-01-28T20:52:51","slug":"berufsorientierter-bildungsgang-8-9","status":"publish","type":"page","link":"https:\/\/gesamtschule-immenhausen.de\/?page_id=16799","title":{"rendered":"Praxisorientierter Bildungsgang (8-9)"},"content":{"rendered":"<p>Der \u201ePraxisorientierte Bildungsgang&#8220; bietet nach der Klasse 7 intensiven Praxisbezug -auch durch die Nutzung von Fachr\u00e4umen beruflicher Schulen &#8211; und soll bei der Berufswahl helfen, er f\u00fchrt zum<br \/>Hauptschulabschluss. Ein l\u00e4ngeres gemeinsames Lernen wird durch Schulzweigbildung erst nach der 7, Klasse m\u00f6glich. \u00dcbersicht Mittelstufenschulzweig zum Download: <a href=\"https:\/\/gesamtschule-immenhausen.de\/wp-content\/uploads\/Schaubild-Mittelstufenzweig-Immenhausen.pdf\">Schaubild Mittelstufenzweig Immenhausen<\/a><\/p>\n<p>Der <strong>Unterricht <\/strong>erh\u00e4lt seine besondere Auspr\u00e4gung durch den verst\u00e4rkten Einsatz von Klassenlehrerinnen und Klassenlehrern mit m\u00f6glichst vielen Stunden in ihren Klassen, so dass stabile Beziehungen zwischen Lehrkr\u00e4ften und Sch\u00fclerinnen und Sch\u00fclern aufgebaut werden k\u00f6nnen. Auch die Nebenfachlehrer sollten nach M\u00f6glichkeit mehrere F\u00e4cher unterrichten. Ein besonderer Schwerpunkt liegt beim Lehrer f\u00fcr Arbeitslehre und dem Wahlpflichtfach. Beide F\u00e4cher werden an einem Tag unterrichtet und erm\u00f6glichen dadurch einen ganzen Tag gemeinsames Lernen. Hier findet auch die Vorbereitung auf die Projektpr\u00fcfung statt. Einige Klassen werden auch als \u201eBewegte Klasse\u201c gef\u00fchrt und haben dadurch einen sportlichen Schwerpunkt, wollen das bewegte Lernen f\u00f6rdern. Computerunterricht ist Pflichtfach. Hier lernen alle das Arbeit mit Office und Internet. Dabei liegt ein besonderer Schwerpunkt auf dem sicheren Umgang mit \u201eSozialen Netzwerken\u201c.<\/p>\n<p>Auch die Rechte und Eigenarten des anderen zu respektieren, Konflikte friedlich zu l\u00f6sen und sich eine eigenst\u00e4ndige Meinung zu bilden ist Ziel des gemeinsamen Handels. Zus\u00e4tzlich bieten wir als Schule mit Ganztagsangebot eine Vielzahl von Unterst\u00fctzungs- und F\u00f6rderangeboten an, wie z.B. die Hausaufgabenhilfe, verschiedene Arbeitsgemeinschaften, LRS \u2013 Unterricht oder F\u00f6rderuntertage. Daneben gibt es <strong>kontinuierlicher Praxisttage<\/strong> in Zusammenarbeit mit vielen Betrieben der Region im Jahrgang 9. Kontinuierliche Praxistage sind eine neue Form der Betriebspraktika, bei denen die Sch\u00fclerinnen und Sch\u00fcler jeweils an einem Tag pro Woche nicht in der Schule, sondern in ausgew\u00e4hlten Betrieben arbeiten.<\/p>\n<p><strong>Pr\u00fcfungen und Abschl\u00fcsse <\/strong><\/p>\n<p>Sch\u00fclerinnen und Sch\u00fcler des Hauptschulzweiges m\u00fcssen in Klasse 9 an den zentralen Abschlusspr\u00fcfungen teilnehmen. Das Abschlussverfahren besteht aus einer Projektpr\u00fcfung und schriftlichen Pr\u00fcfungen in Deutsch, Mathematik und Englisch.<\/p>\n<p>Bei der <strong>Projektpr\u00fcfung<\/strong> bearbeiten Gruppen von jeweils 3 oder 4 Sch\u00fclerinnen und Sch\u00fclern ein selbstgew\u00e4hltes Thema und stellen am Ende ihre Ergebnisse in einer Pr\u00e4sentation einer Pr\u00fcfungskommission vor. Weitere Informationen zur Projektpr\u00fcfung gibt es hier: <a href=\"http:\/\/www.hauptschule.bildung.hessen.de\/pruefung\/\">www.hauptschule.bildung.hessen.de\/pruefung\/<\/a><\/p>\n<p>Die <strong>schriftlichen Pr\u00fcfungen<\/strong> finden jeweils im Mai an hessenweit festgelegten Tagen statt. Die Pr\u00fcfungsleistungen werden mit den Unterrichtsleistungen verrechnet und ergeben eine Gesamtleistung mit einer Durchschnittsnote. Weitere Informationen und auch die Termine zur Abschlusspr\u00fcfung gibt es hier: <a href=\"http:\/\/www.hauptschule.bildung.hessen.de\/abschluss\/\">www.hauptschule.bildung.hessen.de\/abschluss\/<\/a><\/p>\n<p>Der <strong>qualifizierende Hauptschulabschluss<\/strong> wird erreicht, wenn diese Durchschnittsnote mindestens 3,0 oder besser betr\u00e4gt. Liegt die Durchschnittsnote im Bereich zwischen 3,0 und 4,4 ist der <strong>einfache Hauptschulabschluss<\/strong> erreicht. Informationen finden Sie auch in einer PowerPointPr\u00e4sentation, die auf den Eltern-Informationsabenden gezeigt wird.<\/p>\n<p>Nach der 9. Klasse kann eine Ausbildung begonnen werden oder man macht an einer Beruflichen Schule den Realschulabschluss.<\/p>\n<p><em>(Text unter Verwendung einer Vorlage der Johannisbergschule Witzenhausen)\u00a0 <\/em><\/p>\n\n\n<figure class=\"wp-block-image\"><img loading=\"lazy\" decoding=\"async\" width=\"998\" height=\"665\" src=\"https:\/\/gesamtschule-immenhausen.de\/wp-content\/uploads\/Immenhausen_2018-11-24_D850_3938.jpg\" alt=\"\" class=\"wp-image-29158\" srcset=\"https:\/\/gesamtschule-immenhausen.de\/wp-content\/uploads\/Immenhausen_2018-11-24_D850_3938.jpg 998w, https:\/\/gesamtschule-immenhausen.de\/wp-content\/uploads\/Immenhausen_2018-11-24_D850_3938-150x100.jpg 150w, https:\/\/gesamtschule-immenhausen.de\/wp-content\/uploads\/Immenhausen_2018-11-24_D850_3938-768x512.jpg 768w, https:\/\/gesamtschule-immenhausen.de\/wp-content\/uploads\/Immenhausen_2018-11-24_D850_3938-400x267.jpg 400w\" sizes=\"(max-width: 998px) 100vw, 998px\" \/><\/figure>\n","protected":false},"excerpt":{"rendered":"<p>Der \u201ePraxisorientierte Bildungsgang&#8220; bietet nach der Klasse 7 intensiven Praxisbezug -auch durch die Nutzung von Fachr\u00e4umen beruflicher Schulen &#8211; und soll bei der Berufswahl helfen, er f\u00fchrt zumHauptschulabschluss. Ein l\u00e4ngeres gemeinsames Lernen wird durch Schulzweigbildung erst nach der 7, Klasse m\u00f6glich. \u00dcbersicht Mittelstufenschulzweig zum Download: Schaubild Mittelstufenzweig Immenhausen Der Unterricht erh\u00e4lt seine besondere Auspr\u00e4gung durch [&hellip;]<\/p>\n","protected":false},"author":3,"featured_media":0,"parent":16794,"menu_order":2,"comment_status":"open","ping_status":"closed","template":"","meta":{"saved_in_kubio":false,"footnotes":""},"class_list":["post-16799","page","type-page","status-publish","hentry"],"kubio_ai_page_context":{"short_desc":"","purpose":"general"},"_links":{"self":[{"href":"https:\/\/gesamtschule-immenhausen.de\/index.php?rest_route=\/wp\/v2\/pages\/16799","targetHints":{"allow":["GET"]}}],"collection":[{"href":"https:\/\/gesamtschule-immenhausen.de\/index.php?rest_route=\/wp\/v2\/pages"}],"about":[{"href":"https:\/\/gesamtschule-immenhausen.de\/index.php?rest_route=\/wp\/v2\/types\/page"}],"author":[{"embeddable":true,"href":"https:\/\/gesamtschule-immenhausen.de\/index.php?rest_route=\/wp\/v2\/users\/3"}],"replies":[{"embeddable":true,"href":"https:\/\/gesamtschule-immenhausen.de\/index.php?rest_route=%2Fwp%2Fv2%2Fcomments&post=16799"}],"version-history":[{"count":8,"href":"https:\/\/gesamtschule-immenhausen.de\/index.php?rest_route=\/wp\/v2\/pages\/16799\/revisions"}],"predecessor-version":[{"id":29469,"href":"https:\/\/gesamtschule-immenhausen.de\/index.php?rest_route=\/wp\/v2\/pages\/16799\/revisions\/29469"}],"up":[{"embeddable":true,"href":"https:\/\/gesamtschule-immenhausen.de\/index.php?rest_route=\/wp\/v2\/pages\/16794"}],"wp:attachment":[{"href":"https:\/\/gesamtschule-immenhausen.de\/index.php?rest_route=%2Fwp%2Fv2%2Fmedia&parent=16799"}],"curies":[{"name":"wp","href":"https:\/\/api.w.org\/{rel}","templated":true}]}}