{"id":16794,"date":"2014-01-29T13:04:37","date_gmt":"2014-01-29T12:04:37","guid":{"rendered":"https:\/\/gesamtschule-immenhausen.de\/?page_id=16794"},"modified":"2024-09-13T10:25:57","modified_gmt":"2024-09-13T08:25:57","slug":"mittelstufenschulzweig","status":"publish","type":"page","link":"https:\/\/gesamtschule-immenhausen.de\/?page_id=16794","title":{"rendered":"Mittelstufenschulzweig"},"content":{"rendered":"<p><a href=\"https:\/\/gesamtschule-immenhausen.de\/wp-content\/uploads\/Mittelstufenschulzweig-\u00dcbersicht-Immenhausen.jpg\">\u00a0<\/a><\/p>\n<p><a href=\"https:\/\/gesamtschule-immenhausen.de\/wp-content\/uploads\/Bildschirmfoto-2022-10-05-um-19.29.48.png\"><img loading=\"lazy\" decoding=\"async\" class=\"aligncenter size-large wp-image-31958\" src=\"https:\/\/gesamtschule-immenhausen.de\/wp-content\/uploads\/Bildschirmfoto-2022-10-05-um-19.29.48-1024x626.png\" alt=\"\" width=\"665\" height=\"407\" srcset=\"https:\/\/gesamtschule-immenhausen.de\/wp-content\/uploads\/Bildschirmfoto-2022-10-05-um-19.29.48-1024x626.png 1024w, https:\/\/gesamtschule-immenhausen.de\/wp-content\/uploads\/Bildschirmfoto-2022-10-05-um-19.29.48-150x92.png 150w, https:\/\/gesamtschule-immenhausen.de\/wp-content\/uploads\/Bildschirmfoto-2022-10-05-um-19.29.48-768x470.png 768w, https:\/\/gesamtschule-immenhausen.de\/wp-content\/uploads\/Bildschirmfoto-2022-10-05-um-19.29.48-1536x939.png 1536w, https:\/\/gesamtschule-immenhausen.de\/wp-content\/uploads\/Bildschirmfoto-2022-10-05-um-19.29.48-2048x1252.png 2048w, https:\/\/gesamtschule-immenhausen.de\/wp-content\/uploads\/Bildschirmfoto-2022-10-05-um-19.29.48-660x404.png 660w\" sizes=\"(max-width: 665px) 100vw, 665px\" \/><\/a><\/p>\n<p>Als Download: <a href=\"https:\/\/gesamtschule-immenhausen.de\/wp-content\/uploads\/Konzept-BSO-Schaubild-Schulstruktur.pdf\">Konzept BSO Schaubild Schulstruktur<\/a><\/p>\n<p><span style=\"color: #0e0e17; font-family: Helvetica,sans-serif;\">Neben dem Gymnasialzweig bietet die Freiherr-vom-Stein-Schule mit ihrem Mittelstufenschulzweig ein Alleinstellungsmerkmal in unserer Region.<\/span><\/p>\n<p><span style=\"color: #0e0e17; font-family: Helvetica,sans-serif;\">Der Mittelstufenschulzweig f\u00fchrt entweder in f\u00fcnf Schuljahren in Klasse 9 zum Hauptschulabschluss oder nach sechs Schuljahren in Klasse 10 zum Realschulabschluss. Beide Abschl\u00fcsse bef\u00e4higen bei Eignung zum Besuch weiterf\u00fchrender Schulen.<\/span><\/p>\n<p><span style=\"color: #0e0e17; font-family: Helvetica,sans-serif;\">Die Sch\u00fclerinnen und Sch\u00fcler bleiben im Mittelstufenschulzweig in den Schuljahren 5-7 im Klassenverband zusammen, erst danach ergibt sich eine Aufteilung in den Praxisorientierten Bildungsgang (Klassen 8-9) und den Mittleren Bildungsgang (Klassen 8-10). Grunds\u00e4tzlich bleibt die Durchl\u00e4ssigkeit zwischen den beiden Bildungsg\u00e4ngen erhalten.<\/span><\/p>\n<p><span style=\"color: #0e0e17; font-family: Helvetica,sans-serif;\">Durch die dreij\u00e4hrige Aufbaustufe wird der sanfte \u00dcbergang von der Grund- zur Sekundarstufe weiter erleichtert und die \u2013 wie an vielen anderen Gesamtschulen praktizierte \u2013 Trennung schon nach der 6. Klasse in Haupt- und Realschulzweig entf\u00e4llt. Im Jahrgang 5 gibt es gemeinsamen Unterricht in den Hauptf\u00e4chern, die Kursbildung findet nach einj\u00e4hriger Orientierungsphase in Englisch und Mathematik (B- und C-Kurse in den Jahrg\u00e4ngen 6-7) statt.<\/span><\/p>\n<p><span style=\"color: #0e0e17; font-family: Helvetica,sans-serif;\">Sowohl im Praxisorientierten Bildungsgang als auch im Mittleren Bildungsgang haben die Sch\u00fclerinnen und Sch\u00fcler an einem Tag in der Woche je 6 Unterrichtsstunden Berufsbildenden Unterricht (kurz: BBU) an der Herwig-Blankertz-Schule in Hofgeismar, unserer Kooperationsschule. Durch zwei je zweiw\u00f6chige Betriebspraktika in den Jahrg\u00e4ngen 8 und 9 sowie dem verst\u00e4rkten Praxisbezug in den Fachwerkst\u00e4tten der Herwig-Blankertz-Schule werden die Sch\u00fclerinnen und Sch\u00fcler in Kleingruppen von maximal 12 Personen bestm\u00f6glich auf ihr sp\u00e4teres Berufsleben vorbereitet. Das Fach BBU setzt sich dabei aus den Schwerpunkten Technik (Holz-, Metall- und Elektrotechnik), Gastronomie, Pflege und Soziales sowie Wirtschaft und Verwaltung zusammen.<\/span><\/p>\n<p><span style=\"color: #0e0e17; font-family: Helvetica,sans-serif;\">Im Jahrgang 9 des Praxisorientierten Bildungsgangs haben die Sch\u00fclerinnen und Sch\u00fcler zus\u00e4tzlich zum Berufsbildenden Unterricht noch einen w\u00f6chentlichen Praxistag (Langzeitpraktikum in einem Ausbildungsbetrieb).<\/span><\/p>\n<p><span style=\"color: #0e0e17; font-family: Helvetica,sans-serif;\">Im Jahrgang 10 gibt es eine im Schulprogramm verankerte Gedenkst\u00e4ttenfahrt, welche wichtige Inhalte des Geschichtsunterrichts aufgreift.<\/span><\/p>\n<p>Der Unterrichtsalltag ist in den Jahrg\u00e4ngen 8-10 gepr\u00e4gt durch kleine Lerngruppen, eine Rhythmisierung durch das Doppelstundenprinzip, f\u00e4cher\u00fcbergreifenden Wahlpflichtunterricht in den Bereichen Gesellschaftslehre und Naturwissenschaften sowie zahlreiche AG-Angebote, die speziell f\u00fcr Sch\u00fclerinnen und Sch\u00fcler der h\u00f6heren Jahrg\u00e4nge zugeschnitten sind. Beispielhaft seien hier die Streitschlichter-AG und die Schulsanit\u00e4ter-AG zu nennen.<\/p>\n<p>\u00a0<\/p>\n<p>\u00dcbersicht Mittelstufenschulzweig zum Download: <a href=\"https:\/\/gesamtschule-immenhausen.de\/wp-content\/uploads\/Schaubild-Mittelstufenzweig-Immenhausen.pdf\">Schaubild Mittelstufenzweig Immenhausen<\/a><\/p>\n\n\n<figure class=\"wp-block-embed is-type-video is-provider-youtube wp-block-embed-youtube wp-embed-aspect-16-9 wp-has-aspect-ratio\"><div class=\"wp-block-embed__wrapper\">\n<iframe loading=\"lazy\" title=\"Teilautonomes Fahren mit einem Arduino Mikrocontroller - Projektarbeit in der Mittelstufenschule\" width=\"500\" height=\"281\" src=\"https:\/\/www.youtube.com\/embed\/EjXxaAxkrxI?feature=oembed\" frameborder=\"0\" allow=\"accelerometer; autoplay; clipboard-write; encrypted-media; gyroscope; picture-in-picture; web-share\" referrerpolicy=\"strict-origin-when-cross-origin\" allowfullscreen><\/iframe>\n<\/div><figcaption class=\"wp-element-caption\">Hier ein Beispiel, wie unsere Sch\u00fclerinnen und Sch\u00fcler an der Berufsschule konkret arbeiten w\u00e4hrend des Praxistages. <br><br><\/figcaption><\/figure>\n","protected":false},"excerpt":{"rendered":"<p>\u00a0 Als Download: Konzept BSO Schaubild Schulstruktur Neben dem Gymnasialzweig bietet die Freiherr-vom-Stein-Schule mit ihrem Mittelstufenschulzweig ein Alleinstellungsmerkmal in unserer Region. Der Mittelstufenschulzweig f\u00fchrt entweder in f\u00fcnf Schuljahren in Klasse 9 zum Hauptschulabschluss oder nach sechs Schuljahren in Klasse 10 zum Realschulabschluss. Beide Abschl\u00fcsse bef\u00e4higen bei Eignung zum Besuch weiterf\u00fchrender Schulen. Die Sch\u00fclerinnen und Sch\u00fcler [&hellip;]<\/p>\n","protected":false},"author":3,"featured_media":0,"parent":17,"menu_order":1,"comment_status":"open","ping_status":"closed","template":"","meta":{"saved_in_kubio":false,"footnotes":""},"class_list":["post-16794","page","type-page","status-publish","hentry"],"kubio_ai_page_context":{"short_desc":"","purpose":"general"},"_links":{"self":[{"href":"https:\/\/gesamtschule-immenhausen.de\/index.php?rest_route=\/wp\/v2\/pages\/16794","targetHints":{"allow":["GET"]}}],"collection":[{"href":"https:\/\/gesamtschule-immenhausen.de\/index.php?rest_route=\/wp\/v2\/pages"}],"about":[{"href":"https:\/\/gesamtschule-immenhausen.de\/index.php?rest_route=\/wp\/v2\/types\/page"}],"author":[{"embeddable":true,"href":"https:\/\/gesamtschule-immenhausen.de\/index.php?rest_route=\/wp\/v2\/users\/3"}],"replies":[{"embeddable":true,"href":"https:\/\/gesamtschule-immenhausen.de\/index.php?rest_route=%2Fwp%2Fv2%2Fcomments&post=16794"}],"version-history":[{"count":11,"href":"https:\/\/gesamtschule-immenhausen.de\/index.php?rest_route=\/wp\/v2\/pages\/16794\/revisions"}],"predecessor-version":[{"id":34271,"href":"https:\/\/gesamtschule-immenhausen.de\/index.php?rest_route=\/wp\/v2\/pages\/16794\/revisions\/34271"}],"up":[{"embeddable":true,"href":"https:\/\/gesamtschule-immenhausen.de\/index.php?rest_route=\/wp\/v2\/pages\/17"}],"wp:attachment":[{"href":"https:\/\/gesamtschule-immenhausen.de\/index.php?rest_route=%2Fwp%2Fv2%2Fmedia&parent=16794"}],"curies":[{"name":"wp","href":"https:\/\/api.w.org\/{rel}","templated":true}]}}